{"id":12753,"date":"2013-10-21T09:23:06","date_gmt":"2013-10-21T09:23:06","guid":{"rendered":"http:\/\/the7.dream-demo.com\/dummy\/?page_id=12753"},"modified":"2024-11-27T11:29:03","modified_gmt":"2024-11-27T10:29:03","slug":"pages","status":"publish","type":"page","link":"https:\/\/www.fasnachtarbon.ch\/?page_id=12753","title":{"rendered":"Events"},"content":{"rendered":"<p>[vc_row][vc_column]<div class=\"dt-fancy-separator title-left h3-size style-disabled\" style=\"width: 100%;\"><div class=\"dt-fancy-title\" style=\"color: #000000;\"><span class=\"separator-holder separator-left\"><\/span>Fasnachtser\u00f6ffnung<span class=\"separator-holder separator-right\"><\/span><\/div><\/div><div class=\"hr-thin style-line\" style=\"width: 100%;border-color: #a3a3a3;border-top-width: 1px;\"><\/div>[\/vc_column][\/vc_row][vc_row anchor=&#8220;fasnachtseroeffnung&#8220;][vc_column width=&#8220;1\/4&#8243;][vc_single_image image=&#8220;45990&#8243;][\/vc_column][vc_column width=&#8220;3\/4&#8243;][vc_column_text]Zum Fasnachtsauftakt am 11.11. stimmen sich die Fas\u00adn\u00e4chtler zum Klang diverser Guggenmusiken, auf die kommende Fasnacht ein (organi\u00adsiert durch die Guggenmusik Arbor Felix H\u00fc\u00fcler.)[\/vc_column_text][\/vc_column][\/vc_row][vc_row][vc_column]<div class=\"ult-spacer spacer-69f08aaa9fe7e\" data-id=\"69f08aaa9fe7e\" data-height=\"20\" data-height-mobile=\"5\" data-height-tab=\"10\" data-height-tab-portrait=\"10\" data-height-mobile-landscape=\"5\" style=\"clear:both;display:block;\"><\/div>[\/vc_column][\/vc_row][vc_row][vc_column]<div class=\"dt-fancy-separator title-left h3-size style-disabled\" style=\"width: 100%;\"><div class=\"dt-fancy-title\" style=\"color: #000000;\"><span class=\"separator-holder separator-left\"><\/span>Stadthausst\u00fcrmung<span class=\"separator-holder separator-right\"><\/span><\/div><\/div><div class=\"hr-thin style-line\" style=\"width: 100%;border-color: #a3a3a3;border-top-width: 1px;\"><\/div>[\/vc_column][\/vc_row][vc_row anchor=&#8220;stadthausstuermung&#8220;][vc_column width=&#8220;1\/4&#8243;][vc_single_image image=&#8220;45984&#8243;][\/vc_column][vc_column width=&#8220;3\/4&#8243;][vc_column_text]Im geheimen bereiten sich die Narren des L\u00e4llek\u00f6nig f\u00fcr die Macht\u00fcbernahme \u00fcber die Stadt Arbon vor. Mit Hilfe der Feuerwehr wird das Stadthaus Arbon gest\u00fcrmt und der amtierende Stadtpr\u00e4sident entmachtet. Dies in dem die Narren das Stadtoberhaupt mit der Feuerwehrdrehleiter aus dem 2.Stock im Stadthaus holen. Als Zeichen der Macht\u00fcbernahme wird der L\u00e4llek\u00f6nigin vom Stadt\u00adpr\u00e4sidenten ein gravierter Pflasterstein \u00fcberreicht. Mit Reden und Gl\u00fccksrufen \u00fcber die Narrenhoch\u00adburg am Bodensee startet die Arboner Fasnacht in drei Tage Ausgelassenheit. Danach wird auf die neue Regierung angestossen. Dazu l\u00e4dt der L\u00e4llek\u00f6nig alle Schaulustigen und Narren zu einem Ap\u00e9ro Riche ein. Ab nun regiert der L\u00e4llek\u00f6nig in Arbon.[\/vc_column_text][\/vc_column][\/vc_row][vc_row][vc_column]<div class=\"ult-spacer spacer-69f08aaa9feee\" data-id=\"69f08aaa9feee\" data-height=\"20\" data-height-mobile=\"5\" data-height-tab=\"10\" data-height-tab-portrait=\"10\" data-height-mobile-landscape=\"5\" style=\"clear:both;display:block;\"><\/div>[\/vc_column][\/vc_row][vc_row][vc_column]<div class=\"dt-fancy-separator title-left h3-size style-disabled\" style=\"width: 100%;\"><div class=\"dt-fancy-title\" style=\"color: #000000;\"><span class=\"separator-holder separator-left\"><\/span>L\u00e4lleobig<span class=\"separator-holder separator-right\"><\/span><\/div><\/div><div class=\"hr-thin style-line\" style=\"width: 100%;border-color: #a3a3a3;border-top-width: 1px;\"><\/div>[\/vc_column][\/vc_row][vc_row anchor=&#8220;laelleobig&#8220;][vc_column width=&#8220;1\/4&#8243;][vc_single_image image=&#8220;45978&#8243;][\/vc_column][vc_column width=&#8220;3\/4&#8243;][vc_column_text]Mit dem L\u00e4lle-Obig organisiert der L\u00e4llek\u00f6nig Arbon f\u00fcr Alle ein Programm aus hochkar\u00e4tiger Co\u00admedy, welches die Lachmuskeln massiv beansprucht. Von B\u00fcttenreden, Satiren bis zu Sketchen und Unterhaltungsmusik ist alles dabei! Alle sind herzlich eingeladen um einen n\u00e4rrischen Abend zu geniessen. Nat\u00fcrlich darf die Ritter-Ehrung nicht vergessen werden. Dabei werden Perso\u00adnen f\u00fcr ihre langj\u00e4hrigen Leistungen f\u00fcr die FG L\u00e4llek\u00f6nig zum Ritter geschlagen.[\/vc_column_text][\/vc_column][\/vc_row][vc_row][vc_column]<div class=\"ult-spacer spacer-69f08aaa9ff54\" data-id=\"69f08aaa9ff54\" data-height=\"20\" data-height-mobile=\"5\" data-height-tab=\"10\" data-height-tab-portrait=\"10\" data-height-mobile-landscape=\"5\" style=\"clear:both;display:block;\"><\/div>[\/vc_column][\/vc_row][vc_row][vc_column]<div class=\"dt-fancy-separator title-left h3-size style-disabled\" style=\"width: 100%;\"><div class=\"dt-fancy-title\" style=\"color: #000000;\"><span class=\"separator-holder separator-left\"><\/span>huelernacht<span class=\"separator-holder separator-right\"><\/span><\/div><\/div><div class=\"hr-thin style-line\" style=\"width: 100%;border-color: #a3a3a3;border-top-width: 1px;\"><\/div>[\/vc_column][\/vc_row][vc_row anchor=&#8220;huelernacht&#8220;][vc_column width=&#8220;1\/4&#8243;][vc_single_image image=&#8220;45991&#8243;][\/vc_column][vc_column width=&#8220;3\/4&#8243;][vc_column_text]Die huelernacht ist ein Anlass der Arbor Felix H\u00fc\u00fcler. Weitere Informationen zu diesem tollen Fasnachtsevent, sind unter folgendem Link zu finden.[\/vc_column_text]<span id=\"creative-link-wrap-8788\" class=\"ult_main_cl ult-adjust-bottom-margin  \" >\n\t \t\t\t<span class=\"  ult_crlink\" >\n\t\t\t\t\t<a  data-ultimate-target='#creative-link-wrap-8788 .ult_colorlink'  data-responsive-json-new='{\"font-size\":\"\",\"line-height\":\"\"}'  href=\"https:\/\/www.hueler.ch\/huelernacht-1\/\" title=\"huelernacht\" target=\"_blank\" rel=\"noopener\"  class=\"ult_colorlink ult-responsive \" style=\"float:left;font-weight:normal; \"  data-textcolor=\"#333333\" data-texthover=\"#254aed\"data-style=\"\">\n\t\t\t\t\t\t\n\t\t\t\t\t\t<span data-hover=\"Link huelernacht\" style=\"color:#333333;;;\" class=\"ult_btn10_span   \">Link huelernacht<\/span>\n\t\t\t\t\t\t\n\t\t\t\t\t<\/a>\n\t\t\t\t<\/span>\n\t\t\t<\/span>[\/vc_column][\/vc_row][vc_row][vc_column]<div class=\"ult-spacer spacer-69f08aaaa0013\" data-id=\"69f08aaaa0013\" data-height=\"20\" data-height-mobile=\"5\" data-height-tab=\"10\" data-height-tab-portrait=\"10\" data-height-mobile-landscape=\"5\" style=\"clear:both;display:block;\"><\/div>[\/vc_column][\/vc_row][vc_row][vc_column]<div class=\"dt-fancy-separator title-left h3-size style-disabled\" style=\"width: 100%;\"><div class=\"dt-fancy-title\" style=\"color: #000000;\"><span class=\"separator-holder separator-left\"><\/span>Fasnachtsumzug<span class=\"separator-holder separator-right\"><\/span><\/div><\/div><div class=\"hr-thin style-line\" style=\"width: 100%;border-color: #a3a3a3;border-top-width: 1px;\"><\/div>[\/vc_column][\/vc_row][vc_row anchor=&#8220;fasnachtsumzug&#8220;][vc_column width=&#8220;1\/4&#8243;][vc_single_image image=&#8220;45979&#8243;][\/vc_column][vc_column width=&#8220;3\/4&#8243;][vc_column_text]Die Zunftmeister und Delegierten der Umzugsteilnehmer werden am Sonntagmor\u00adgen\u00a0zum Zunftmeister-Empfang eingeladen. Jeder Delegierte der Umzugsteilneh\u00admer stellt sich und seine Gugge oder Gruppe den anderen Umzugsteilnehmern vor. Teilweise werden spontan B\u00fcttenreden gemacht oder ein St\u00e4ndchen gesungen. Der Zunftmeister-Empfang ist ein ge\u00adschlossener Anlass, und wird von der FG L\u00e4llek\u00f6nig offeriert.<\/p>\n<p>&nbsp;<\/p>\n<p>Der internationale Fasnachtsumzug durch Arbon mit ganz unterschiedlichen Teilnehmern begeistert zahlreiche Besucher, welche sich an der Umzugsstrecke tummeln. Guggenmusiken, Gruppen mit Mottos, Fuss- wie auch Wagengruppen, oftmals mit farbigen Konfettis, feiern die Narrenfreiheit in und an der Umzugsstrecke durch Arbons sch\u00f6ne Gassen, und lassen das Pflaster beben. Nach dem Umzug erh\u00e4lt jeder Umzugsteilnehmer eine Verpflegung, offeriert von der FG L\u00e4llek\u00f6nig.<\/p>\n<p>&nbsp;<\/p>\n<p>Alle nimmersatten Narren kommen am Anschlusskonzert nach dem Umzug am Sonntagnachmittag noch einmal in den vollen Guggenmusik Genuss. Mehrere Guggen geben nach dem Umzug noch einmal richtig Gas. Das Anschlusskonzert ist der kr\u00f6nende Abschluss der Arboner Fasnachtstage, sowie der Regierung des L\u00e4llek\u00f6nig, bevor die f\u00fcnfte Jahreszeit vor\u00fcber ist. Nach der Wagenpr\u00e4mie\u00adrung der besten Teilnehmer wird der alten Regierung nach drei Tagen Narrenregime der Pflaster\u00adstein zur\u00fcckgegeben. Die Regierung L\u00e4llek\u00f6nig tritt somit wieder in den Hintergrund, bis die n\u00e4chste f\u00fcnfte Jahreszeit im Kalender erscheint.[\/vc_column_text][\/vc_column][\/vc_row]<\/p>\n","protected":false},"excerpt":{"rendered":"<p>[vc_row][vc_column][\/vc_column][\/vc_row][vc_row anchor=&#8220;fasnachtseroeffnung&#8220;][vc_column width=&#8220;1\/4&#8243;][vc_single_image image=&#8220;45990&#8243;][\/vc_column][vc_column width=&#8220;3\/4&#8243;][vc_column_text]Zum Fasnachtsauftakt am 11.11. stimmen sich die Fas\u00adn\u00e4chtler zum Klang diverser Guggenmusiken, auf die kommende Fasnacht ein (organi\u00adsiert durch die Guggenmusik Arbor Felix H\u00fc\u00fcler.)[\/vc_column_text][\/vc_column][\/vc_row][vc_row][vc_column][\/vc_column][\/vc_row][vc_row][vc_column][\/vc_column][\/vc_row][vc_row anchor=&#8220;stadthausstuermung&#8220;][vc_column width=&#8220;1\/4&#8243;][vc_single_image image=&#8220;45984&#8243;][\/vc_column][vc_column width=&#8220;3\/4&#8243;][vc_column_text]Im geheimen bereiten sich die Narren des L\u00e4llek\u00f6nig f\u00fcr die Macht\u00fcbernahme \u00fcber die Stadt Arbon vor. Mit Hilfe der Feuerwehr wird das Stadthaus Arbon&hellip;<\/p>\n","protected":false},"author":1,"featured_media":0,"parent":0,"menu_order":7,"comment_status":"closed","ping_status":"closed","template":"","meta":{"footnotes":""},"class_list":["post-12753","page","type-page","status-publish","hentry","description-off"],"_links":{"self":[{"href":"https:\/\/www.fasnachtarbon.ch\/index.php?rest_route=\/wp\/v2\/pages\/12753","targetHints":{"allow":["GET"]}}],"collection":[{"href":"https:\/\/www.fasnachtarbon.ch\/index.php?rest_route=\/wp\/v2\/pages"}],"about":[{"href":"https:\/\/www.fasnachtarbon.ch\/index.php?rest_route=\/wp\/v2\/types\/page"}],"author":[{"embeddable":true,"href":"https:\/\/www.fasnachtarbon.ch\/index.php?rest_route=\/wp\/v2\/users\/1"}],"replies":[{"embeddable":true,"href":"https:\/\/www.fasnachtarbon.ch\/index.php?rest_route=%2Fwp%2Fv2%2Fcomments&post=12753"}],"version-history":[{"count":16,"href":"https:\/\/www.fasnachtarbon.ch\/index.php?rest_route=\/wp\/v2\/pages\/12753\/revisions"}],"predecessor-version":[{"id":45993,"href":"https:\/\/www.fasnachtarbon.ch\/index.php?rest_route=\/wp\/v2\/pages\/12753\/revisions\/45993"}],"wp:attachment":[{"href":"https:\/\/www.fasnachtarbon.ch\/index.php?rest_route=%2Fwp%2Fv2%2Fmedia&parent=12753"}],"curies":[{"name":"wp","href":"https:\/\/api.w.org\/{rel}","templated":true}]}}

<p>[vc_row][vc_column]<div class="dt-fancy-separator title-left h3-size style-disabled" style="width: 100%;"><div class="dt-fancy-title" style="color: #000000;"><span class="separator-holder separator-left"></span>Fasnachtseröffnung<span class="separator-holder separator-right"></span></div></div><div class="hr-thin style-line" style="width: 100%;border-color: #a3a3a3;border-top-width: 1px;"></div>[/vc_column][/vc_row][vc_row anchor=&#8220;fasnachtseroeffnung&#8220;][vc_column width=&#8220;1/4&#8243;][vc_single_image image=&#8220;45990&#8243;][/vc_column][vc_column width=&#8220;3/4&#8243;][vc_column_text]Zum Fasnachtsauftakt am 11.11. stimmen sich die Fas­nächtler zum Klang diverser Guggenmusiken, auf die kommende Fasnacht ein (organi­siert durch die Guggenmusik Arbor Felix Hüüler.)[/vc_column_text][/vc_column][/vc_row][vc_row][vc_column]<div class="ult-spacer spacer-69f08aaa9fe7e" data-id="69f08aaa9fe7e" data-height="20" data-height-mobile="5" data-height-tab="10" data-height-tab-portrait="10" data-height-mobile-landscape="5" style="clear:both;display:block;"></div>[/vc_column][/vc_row][vc_row][vc_column]<div class="dt-fancy-separator title-left h3-size style-disabled" style="width: 100%;"><div class="dt-fancy-title" style="color: #000000;"><span class="separator-holder separator-left"></span>Stadthausstürmung<span class="separator-holder separator-right"></span></div></div><div class="hr-thin style-line" style="width: 100%;border-color: #a3a3a3;border-top-width: 1px;"></div>[/vc_column][/vc_row][vc_row anchor=&#8220;stadthausstuermung&#8220;][vc_column width=&#8220;1/4&#8243;][vc_single_image image=&#8220;45984&#8243;][/vc_column][vc_column width=&#8220;3/4&#8243;][vc_column_text]Im geheimen bereiten sich die Narren des Lällekönig für die Machtübernahme über die Stadt Arbon vor. Mit Hilfe der Feuerwehr wird das Stadthaus Arbon gestürmt und der amtierende Stadtpräsident entmachtet. Dies in dem die Narren das Stadtoberhaupt mit der Feuerwehrdrehleiter aus dem 2.Stock im Stadthaus holen. Als Zeichen der Machtübernahme wird der Lällekönigin vom Stadt­präsidenten ein gravierter Pflasterstein überreicht. Mit Reden und Glücksrufen über die Narrenhoch­burg am Bodensee startet die Arboner Fasnacht in drei Tage Ausgelassenheit. Danach wird auf die neue Regierung angestossen. Dazu lädt der Lällekönig alle Schaulustigen und Narren zu einem Apéro Riche ein. Ab nun regiert der Lällekönig in Arbon.[/vc_column_text][/vc_column][/vc_row][vc_row][vc_column]<div class="ult-spacer spacer-69f08aaa9feee" data-id="69f08aaa9feee" data-height="20" data-height-mobile="5" data-height-tab="10" data-height-tab-portrait="10" data-height-mobile-landscape="5" style="clear:both;display:block;"></div>[/vc_column][/vc_row][vc_row][vc_column]<div class="dt-fancy-separator title-left h3-size style-disabled" style="width: 100%;"><div class="dt-fancy-title" style="color: #000000;"><span class="separator-holder separator-left"></span>Lälleobig<span class="separator-holder separator-right"></span></div></div><div class="hr-thin style-line" style="width: 100%;border-color: #a3a3a3;border-top-width: 1px;"></div>[/vc_column][/vc_row][vc_row anchor=&#8220;laelleobig&#8220;][vc_column width=&#8220;1/4&#8243;][vc_single_image image=&#8220;45978&#8243;][/vc_column][vc_column width=&#8220;3/4&#8243;][vc_column_text]Mit dem Lälle-Obig organisiert der Lällekönig Arbon für Alle ein Programm aus hochkarätiger Co­medy, welches die Lachmuskeln massiv beansprucht. Von Büttenreden, Satiren bis zu Sketchen und Unterhaltungsmusik ist alles dabei! Alle sind herzlich eingeladen um einen närrischen Abend zu geniessen. Natürlich darf die Ritter-Ehrung nicht vergessen werden. Dabei werden Perso­nen für ihre langjährigen Leistungen für die FG Lällekönig zum Ritter geschlagen.[/vc_column_text][/vc_column][/vc_row][vc_row][vc_column]<div class="ult-spacer spacer-69f08aaa9ff54" data-id="69f08aaa9ff54" data-height="20" data-height-mobile="5" data-height-tab="10" data-height-tab-portrait="10" data-height-mobile-landscape="5" style="clear:both;display:block;"></div>[/vc_column][/vc_row][vc_row][vc_column]<div class="dt-fancy-separator title-left h3-size style-disabled" style="width: 100%;"><div class="dt-fancy-title" style="color: #000000;"><span class="separator-holder separator-left"></span>huelernacht<span class="separator-holder separator-right"></span></div></div><div class="hr-thin style-line" style="width: 100%;border-color: #a3a3a3;border-top-width: 1px;"></div>[/vc_column][/vc_row][vc_row anchor=&#8220;huelernacht&#8220;][vc_column width=&#8220;1/4&#8243;][vc_single_image image=&#8220;45991&#8243;][/vc_column][vc_column width=&#8220;3/4&#8243;][vc_column_text]Die huelernacht ist ein Anlass der Arbor Felix Hüüler. Weitere Informationen zu diesem tollen Fasnachtsevent, sind unter folgendem Link zu finden.[/vc_column_text]<span id="creative-link-wrap-8788" class="ult_main_cl ult-adjust-bottom-margin  " >
	 			<span class="  ult_crlink" >
					<a  data-ultimate-target='#creative-link-wrap-8788 .ult_colorlink'  data-responsive-json-new='{"font-size":"","line-height":""}'  href="https://www.hueler.ch/huelernacht-1/" title="huelernacht" target="_blank" rel="noopener"  class="ult_colorlink ult-responsive " style="float:left;font-weight:normal; "  data-textcolor="#333333" data-texthover="#254aed"data-style="">
						
						<span data-hover="Link huelernacht" style="color:#333333;;;" class="ult_btn10_span   ">Link huelernacht</span>
						
					</a>
				</span>
			</span>[/vc_column][/vc_row][vc_row][vc_column]<div class="ult-spacer spacer-69f08aaaa0013" data-id="69f08aaaa0013" data-height="20" data-height-mobile="5" data-height-tab="10" data-height-tab-portrait="10" data-height-mobile-landscape="5" style="clear:both;display:block;"></div>[/vc_column][/vc_row][vc_row][vc_column]<div class="dt-fancy-separator title-left h3-size style-disabled" style="width: 100%;"><div class="dt-fancy-title" style="color: #000000;"><span class="separator-holder separator-left"></span>Fasnachtsumzug<span class="separator-holder separator-right"></span></div></div><div class="hr-thin style-line" style="width: 100%;border-color: #a3a3a3;border-top-width: 1px;"></div>[/vc_column][/vc_row][vc_row anchor=&#8220;fasnachtsumzug&#8220;][vc_column width=&#8220;1/4&#8243;][vc_single_image image=&#8220;45979&#8243;][/vc_column][vc_column width=&#8220;3/4&#8243;][vc_column_text]Die Zunftmeister und Delegierten der Umzugsteilnehmer werden am Sonntagmor­gen zum Zunftmeister-Empfang eingeladen. Jeder Delegierte der Umzugsteilneh­mer stellt sich und seine Gugge oder Gruppe den anderen Umzugsteilnehmern vor. Teilweise werden spontan Büttenreden gemacht oder ein Ständchen gesungen. Der Zunftmeister-Empfang ist ein ge­schlossener Anlass, und wird von der FG Lällekönig offeriert.</p>
<p>&nbsp;</p>
<p>Der internationale Fasnachtsumzug durch Arbon mit ganz unterschiedlichen Teilnehmern begeistert zahlreiche Besucher, welche sich an der Umzugsstrecke tummeln. Guggenmusiken, Gruppen mit Mottos, Fuss- wie auch Wagengruppen, oftmals mit farbigen Konfettis, feiern die Narrenfreiheit in und an der Umzugsstrecke durch Arbons schöne Gassen, und lassen das Pflaster beben. Nach dem Umzug erhält jeder Umzugsteilnehmer eine Verpflegung, offeriert von der FG Lällekönig.</p>
<p>&nbsp;</p>
<p>Alle nimmersatten Narren kommen am Anschlusskonzert nach dem Umzug am Sonntagnachmittag noch einmal in den vollen Guggenmusik Genuss. Mehrere Guggen geben nach dem Umzug noch einmal richtig Gas. Das Anschlusskonzert ist der krönende Abschluss der Arboner Fasnachtstage, sowie der Regierung des Lällekönig, bevor die fünfte Jahreszeit vorüber ist. Nach der Wagenprämie­rung der besten Teilnehmer wird der alten Regierung nach drei Tagen Narrenregime der Pflaster­stein zurückgegeben. Die Regierung Lällekönig tritt somit wieder in den Hintergrund, bis die nächste fünfte Jahreszeit im Kalender erscheint.[/vc_column_text][/vc_column][/vc_row]</p>

<p>[vc_row][vc_column][/vc_column][/vc_row][vc_row anchor=&#8220;fasnachtseroeffnung&#8220;][vc_column width=&#8220;1/4&#8243;][vc_single_image image=&#8220;45990&#8243;][/vc_column][vc_column width=&#8220;3/4&#8243;][vc_column_text]Zum Fasnachtsauftakt am 11.11. stimmen sich die Fas­nächtler zum Klang diverser Guggenmusiken, auf die kommende Fasnacht ein (organi­siert durch die Guggenmusik Arbor Felix Hüüler.)[/vc_column_text][/vc_column][/vc_row][vc_row][vc_column][/vc_column][/vc_row][vc_row][vc_column][/vc_column][/vc_row][vc_row anchor=&#8220;stadthausstuermung&#8220;][vc_column width=&#8220;1/4&#8243;][vc_single_image image=&#8220;45984&#8243;][/vc_column][vc_column width=&#8220;3/4&#8243;][vc_column_text]Im geheimen bereiten sich die Narren des Lällekönig für die Machtübernahme über die Stadt Arbon vor. Mit Hilfe der Feuerwehr wird das Stadthaus Arbon&hellip;</p>
