{"id":44776,"date":"2017-12-11T20:18:54","date_gmt":"2017-12-11T19:18:54","guid":{"rendered":"http:\/\/wl58www121.webland.ch\/?page_id=44776"},"modified":"2018-01-28T22:56:35","modified_gmt":"2018-01-28T21:56:35","slug":"ritter","status":"publish","type":"page","link":"https:\/\/www.fasnachtarbon.ch\/?page_id=44776","title":{"rendered":"Ritter"},"content":{"rendered":"<p>[vc_row][vc_column][vc_column_text]In einer geheimen Abstimmung w\u00e4hlt der 11er Rat jedes Jahr einen speziellen Menschen aus, welcher seit vielen Jahren mit guten Taten die Arboner Fasnacht unterst\u00fctzt hat. Zum Dank f\u00fcr diese unentgeltliche und herzhafte Unterst\u00fctzung bedankt sich der 11er Rat bei dieser Pers\u00f6nlichkeit mit dem Ritterschlag anl\u00e4sslich des L\u00e4lle-Obig. Die folgenden Ritter wurden bereits gek\u00fcrt:[\/vc_column_text][\/vc_column][\/vc_row]<\/p>\n","protected":false},"excerpt":{"rendered":"<p>[vc_row][vc_column][vc_column_text]In einer geheimen Abstimmung w\u00e4hlt der 11er Rat jedes Jahr einen speziellen Menschen aus, welcher seit vielen Jahren mit guten Taten die Arboner Fasnacht unterst\u00fctzt hat. Zum Dank f\u00fcr diese unentgeltliche und herzhafte Unterst\u00fctzung bedankt sich der 11er Rat bei dieser Pers\u00f6nlichkeit mit dem Ritterschlag anl\u00e4sslich des L\u00e4lle-Obig. Die folgenden Ritter wurden bereits gek\u00fcrt:[\/vc_column_text][\/vc_column][\/vc_row]<\/p>\n","protected":false},"author":1,"featured_media":0,"parent":16279,"menu_order":0,"comment_status":"closed","ping_status":"closed","template":"template-team.php","meta":{"footnotes":""},"class_list":["post-44776","page","type-page","status-publish","hentry","description-off"],"_links":{"self":[{"href":"https:\/\/www.fasnachtarbon.ch\/index.php?rest_route=\/wp\/v2\/pages\/44776","targetHints":{"allow":["GET"]}}],"collection":[{"href":"https:\/\/www.fasnachtarbon.ch\/index.php?rest_route=\/wp\/v2\/pages"}],"about":[{"href":"https:\/\/www.fasnachtarbon.ch\/index.php?rest_route=\/wp\/v2\/types\/page"}],"author":[{"embeddable":true,"href":"https:\/\/www.fasnachtarbon.ch\/index.php?rest_route=\/wp\/v2\/users\/1"}],"replies":[{"embeddable":true,"href":"https:\/\/www.fasnachtarbon.ch\/index.php?rest_route=%2Fwp%2Fv2%2Fcomments&post=44776"}],"version-history":[{"count":2,"href":"https:\/\/www.fasnachtarbon.ch\/index.php?rest_route=\/wp\/v2\/pages\/44776\/revisions"}],"predecessor-version":[{"id":45036,"href":"https:\/\/www.fasnachtarbon.ch\/index.php?rest_route=\/wp\/v2\/pages\/44776\/revisions\/45036"}],"up":[{"embeddable":true,"href":"https:\/\/www.fasnachtarbon.ch\/index.php?rest_route=\/wp\/v2\/pages\/16279"}],"wp:attachment":[{"href":"https:\/\/www.fasnachtarbon.ch\/index.php?rest_route=%2Fwp%2Fv2%2Fmedia&parent=44776"}],"curies":[{"name":"wp","href":"https:\/\/api.w.org\/{rel}","templated":true}]}}

<p>[vc_row][vc_column][vc_column_text]In einer geheimen Abstimmung wählt der 11er Rat jedes Jahr einen speziellen Menschen aus, welcher seit vielen Jahren mit guten Taten die Arboner Fasnacht unterstützt hat. Zum Dank für diese unentgeltliche und herzhafte Unterstützung bedankt sich der 11er Rat bei dieser Persönlichkeit mit dem Ritterschlag anlässlich des Lälle-Obig. Die folgenden Ritter wurden bereits gekürt:[/vc_column_text][/vc_column][/vc_row]</p>
